{"id":2031,"date":"2020-12-03T14:48:01","date_gmt":"2020-12-03T14:48:01","guid":{"rendered":"https:\/\/agefriendlyhomes.ie\/faoin-suiomh-greasain-seo\/"},"modified":"2021-11-18T16:48:32","modified_gmt":"2021-11-18T16:48:32","slug":"faoin-suiomh-greasain-seo","status":"publish","type":"page","link":"https:\/\/agefriendlyhomes.ie\/ga\/faoin-suiomh-greasain-seo\/","title":{"rendered":"Faoin Su\u00edomh Gr\u00e9as\u00e1in Seo"},"content":{"rendered":"\n<p>Is acmhainn \u00e9 an su\u00edomh gr\u00e9as\u00e1in seo le haghaidh eolais ar thopaic\u00ed tith\u00edochta a bhfuil suim faoi leith ag daoine aosta iontu.<\/p>\n\n<p>T\u00e1 an su\u00edomh gr\u00e9as\u00e1in seo ann chun tac\u00fa le:<\/p>\n\n<ul class=\"wp-block-list\"><li>\u2022\tDaoine aonair ar mian leo a dteach a oiri\u00fan\u00fa n\u00f3 teach den mh\u00e9id cheart a fh\u00e1il. <\/li><li>\u2022\tForbr\u00f3ir\u00ed, \u00fadar\u00e1is \u00e1iti\u00fala, Comhlachta\u00ed Ceadaithe Tith\u00edochta (CCT), sol\u00e1thr\u00f3ir\u00ed c\u00faraim, cleacht\u00f3ir\u00ed teicni\u00fala, gairmithe c\u00faraim sl\u00e1inte, eagra\u00edochta\u00ed neamhrialtais, ailtir\u00ed, oideoir\u00ed agus mic l\u00e9inn.<\/li><li>\u2022\tP\u00e1irtithe leasmhara eile, lena n-\u00e1ir\u00edtear ionadaithe tofa, Cumann Rialtas \u00c1iti\u00fail na h\u00c9ireann, rann\u00f3ga poibl\u00ed agus rann\u00f3ga st\u00e1tseirbh\u00edse.<\/li><li>\u2022\tNa me\u00e1in<\/li><\/ul>\n\n<p>Gheobhaidh t\u00fa treoir theicni\u00fail, taighde, dearadh, sonra\u00ed, reachta\u00edocht, eolas ar pholasa\u00ed agus c\u00e1s-staid\u00e9ir. Sa su\u00edomh gr\u00e9as\u00e1in cuirtear le ch\u00e9ile smaointe agus acmhainn\u00ed chun feabhas a chur ar, agus bonn taca a chur faoi, roghanna a bhaineann le tith\u00edocht, sl\u00e1inte agus c\u00faram s\u00f3isialta. Cuirtear ar f\u00e1il freisin sonra\u00ed teagmh\u00e1la agus achoimre ar na meicn\u00edochta\u00ed cistithe agus na sc\u00e9imeanna at\u00e1 ar f\u00e1il.<\/p>\n\n<p>Is \u00ed an Roinn Tith\u00edochta, Rialtais \u00c1iti\u00fail &amp; Oidhreachta, an Roinn Sl\u00e1inte, Aoisbh\u00e1 \u00c9ireann agus an Ghn\u00edomhaireacht Tith\u00edochta a chruthaigh agus a ph\u00e1irtmhaoin\u00edonn an su\u00edomh gr\u00e9as\u00e1in Tithe B\u00e1\u00fail le hAois. Is \u00e9 Aoisbh\u00e1 \u00c9ireann a dh\u00e9anann \u00e9 a \u00f3st\u00e1il agus a bhainisti\u00fa ar bhonn laeth\u00fail.<\/p>\n\n<p>D\u2019eascair an su\u00edomh gr\u00e9as\u00e1in seo as Gn\u00edomh 1.3 den Chomhr\u00e1iteas Polasa\u00ed 2019 \u2018Roghanna Tith\u00edochta d\u00e1r nDaonra at\u00e1 ag dul in Aois\u2019, a d\u2019fhorbraigh an Roinn Tith\u00edochta, Rialtais \u00c1iti\u00fail &amp; Oidhreachta, agus an Roinn Sl\u00e1inte, le taca\u00edocht \u00f3 phr\u00edomhph\u00e1irtithe leasmhara, lena n-\u00e1ir\u00edtear FSS, an Ghn\u00edomhaireacht Tith\u00edochta agus Aoisbh\u00e1 \u00c9ireann. D\u2019aontaigh na p\u00e1irtithe seo go bhfreastal\u00f3fa\u00ed ar Ghn\u00edomh 1.3 den r\u00e1iteas polasa\u00ed tr\u00ed shu\u00edomh gr\u00e9as\u00e1in Tithe B\u00e1\u00fail le hAois a fhorbairt.<\/p>\n","protected":false},"excerpt":{"rendered":"<p>Is acmhainn \u00e9 an su\u00edomh gr\u00e9as\u00e1in seo le haghaidh eolais ar thopaic\u00ed tith\u00edochta a bhfuil suim faoi leith ag daoine aosta iontu. T\u00e1 an su\u00edomh gr\u00e9as\u00e1in seo ann chun tac\u00fa &hellip;<\/p>\n","protected":false},"author":9992,"featured_media":1057,"parent":0,"menu_order":10,"comment_status":"closed","ping_status":"closed","template":"","meta":{"_acf_changed":false,"inline_featured_image":false,"_monsterinsights_skip_tracking":false,"_monsterinsights_sitenote_active":false,"_monsterinsights_sitenote_note":"","_monsterinsights_sitenote_category":0,"_EventAllDay":false,"_EventTimezone":"","_EventStartDate":"","_EventEndDate":"","_EventStartDateUTC":"","_EventEndDateUTC":"","_EventShowMap":false,"_EventShowMapLink":false,"_EventURL":"","_EventCost":"","_EventCostDescription":"","_EventCurrencySymbol":"","_EventCurrencyCode":"","_EventCurrencyPosition":"","_EventDateTimeSeparator":"","_EventTimeRangeSeparator":"","_EventOrganizerID":[],"_EventVenueID":[],"_OrganizerEmail":"","_OrganizerPhone":"","_OrganizerWebsite":"","_VenueAddress":"","_VenueCity":"","_VenueCountry":"","_VenueProvince":"","_VenueState":"","_VenueZip":"","_VenuePhone":"","_VenueURL":"","_VenueStateProvince":"","_VenueLat":"","_VenueLng":"","_VenueShowMap":false,"_VenueShowMapLink":false,"footnotes":""},"class_list":["post-2031","page","type-page","status-publish","has-post-thumbnail","hentry"],"acf":[],"_links":{"self":[{"href":"https:\/\/agefriendlyhomes.ie\/ga\/wp-json\/wp\/v2\/pages\/2031","targetHints":{"allow":["GET"]}}],"collection":[{"href":"https:\/\/agefriendlyhomes.ie\/ga\/wp-json\/wp\/v2\/pages"}],"about":[{"href":"https:\/\/agefriendlyhomes.ie\/ga\/wp-json\/wp\/v2\/types\/page"}],"author":[{"embeddable":true,"href":"https:\/\/agefriendlyhomes.ie\/ga\/wp-json\/wp\/v2\/users\/9992"}],"replies":[{"embeddable":true,"href":"https:\/\/agefriendlyhomes.ie\/ga\/wp-json\/wp\/v2\/comments?post=2031"}],"version-history":[{"count":1,"href":"https:\/\/agefriendlyhomes.ie\/ga\/wp-json\/wp\/v2\/pages\/2031\/revisions"}],"predecessor-version":[{"id":2032,"href":"https:\/\/agefriendlyhomes.ie\/ga\/wp-json\/wp\/v2\/pages\/2031\/revisions\/2032"}],"wp:featuredmedia":[{"embeddable":true,"href":"https:\/\/agefriendlyhomes.ie\/ga\/wp-json\/wp\/v2\/media\/1057"}],"wp:attachment":[{"href":"https:\/\/agefriendlyhomes.ie\/ga\/wp-json\/wp\/v2\/media?parent=2031"}],"curies":[{"name":"wp","href":"https:\/\/api.w.org\/{rel}","templated":true}]}}

Faoin Suíomh Gréasáin Seo

<p>Is acmhainn é an suíomh gréasáin seo le haghaidh eolais ar thopaicí tithíochta a bhfuil suim faoi leith ag daoine aosta iontu.</p>

<p>Tá an suíomh gréasáin seo ann chun tacú le:</p>

<ul class="wp-block-list"><li>•	Daoine aonair ar mian leo a dteach a oiriúnú nó teach den mhéid cheart a fháil. </li><li>•	Forbróirí, údaráis áitiúla, Comhlachtaí Ceadaithe Tithíochta (CCT), soláthróirí cúraim, cleachtóirí teicniúla, gairmithe cúraim sláinte, eagraíochtaí neamhrialtais, ailtirí, oideoirí agus mic léinn.</li><li>•	Páirtithe leasmhara eile, lena n-áirítear ionadaithe tofa, Cumann Rialtas Áitiúil na hÉireann, rannóga poiblí agus rannóga státseirbhíse.</li><li>•	Na meáin</li></ul>

<p>Gheobhaidh tú treoir theicniúil, taighde, dearadh, sonraí, reachtaíocht, eolas ar pholasaí agus cás-staidéir. Sa suíomh gréasáin cuirtear le chéile smaointe agus acmhainní chun feabhas a chur ar, agus bonn taca a chur faoi, roghanna a bhaineann le tithíocht, sláinte agus cúram sóisialta. Cuirtear ar fáil freisin sonraí teagmhála agus achoimre ar na meicníochtaí cistithe agus na scéimeanna atá ar fáil.</p>

<p>Is í an Roinn Tithíochta, Rialtais Áitiúil &amp; Oidhreachta, an Roinn Sláinte, Aoisbhá Éireann agus an Ghníomhaireacht Tithíochta a chruthaigh agus a pháirtmhaoiníonn an suíomh gréasáin Tithe Báúil le hAois. Is é Aoisbhá Éireann a dhéanann é a óstáil agus a bhainistiú ar bhonn laethúil.</p>

<p>D’eascair an suíomh gréasáin seo as Gníomh 1.3 den Chomhráiteas Polasaí 2019 ‘Roghanna Tithíochta dár nDaonra atá ag dul in Aois’, a d’fhorbraigh an Roinn Tithíochta, Rialtais Áitiúil &amp; Oidhreachta, agus an Roinn Sláinte, le tacaíocht ó phríomhpháirtithe leasmhara, lena n-áirítear FSS, an Ghníomhaireacht Tithíochta agus Aoisbhá Éireann. D’aontaigh na páirtithe seo go bhfreastalófaí ar Ghníomh 1.3 den ráiteas polasaí trí shuíomh gréasáin Tithe Báúil le hAois a fhorbairt.</p>

<p>Is acmhainn é an suíomh gréasáin seo le haghaidh eolais ar thopaicí tithíochta a bhfuil suim faoi leith ag daoine aosta iontu. Tá an suíomh gréasáin seo ann chun tacú &hellip;</p>
