{"id":1706,"date":"2021-02-17T10:53:41","date_gmt":"2021-02-17T10:53:41","guid":{"rendered":"https:\/\/agefriendlyhomes.ie\/topics\/seirbhisi-sa-phobal\/"},"modified":"2021-08-20T16:43:27","modified_gmt":"2021-08-20T15:43:27","slug":"seirbhisi-sa-phobal","status":"publish","type":"topics","link":"https:\/\/agefriendlyhomes.ie\/ga\/\u00e1bhair\/tacaiochtai-curaim-shoisialta-slainte\/seirbhisi-sa-phobal\/","title":{"rendered":"Seirbh\u00eds\u00ed sa Phobal"},"content":{"rendered":"\n<p>Sol\u00e1thra\u00edonn FSS raon leathan seirbh\u00eds\u00ed do dhaoine aosta sa phobal, lena n-\u00e1ir\u00edtear seirbh\u00eds\u00ed g\u00e9armh\u00edochaine d\u2019othair ch\u00f3naithe, c\u00faram \u00edosch\u00e9imneach agus t\u00e9arnaimh, seirbh\u00eds\u00ed lae, athshl\u00e1n\u00fa, seirbh\u00eds\u00ed pobail, c\u00faram baile agus c\u00fant\u00f3ir\u00ed baile.<\/p>\n\n<p>M\u00e1 theasta\u00edonn seirbh\u00eds\u00ed uait f\u00e9in n\u00f3 do dhuine aosta a bhfuil aithne agat air, d\u00e9an teagmh\u00e1il le do dhocht\u00fair teaghlaigh n\u00f3 le <a href=\"https:\/\/www.hse.ie\/eng\/services\/list\/1\/lho\/\" rel=\"noopener\">d&#8217;Oifig Sl\u00e1inte \u00c1iti\u00fail.<\/a><\/p>\n\n<p>Chun a fh\u00e1il amach cad iad na seirbh\u00eds\u00ed at\u00e1 ar f\u00e1il de r\u00e9ir ceantair, t\u00e9igh chuig <a href=\"https:\/\/www.hse.ie\/eng\/services\/list\/4\/olderpeople\/servicesinyourcommunity\/\" rel=\"noopener\">an leathanach seo ar l\u00e1ithre\u00e1n gr\u00e9as\u00e1in FSS<\/a> a thabharfaidh roghanna maidir le seirbh\u00eds\u00ed pobail \u00e1iti\u00fala.<\/p>\n\n<p>T\u00e1 roinnt eagra\u00edochta\u00ed neamhrialtasacha n\u00e1isi\u00fanta ann freisin a shol\u00e1thra\u00edonn seirbh\u00eds\u00ed do dhaoine aosta ina bpobail. I measc na n-eagra\u00edochta\u00ed sin t\u00e1;<\/p>\n\n<ul class=\"wp-block-list\"><li><ul>&#13;\n \t<li><a href=\"https:\/\/activeirl.ie\/\" rel=\"noopener\">Active Retirement Ireland<\/a><\/li>&#13;\n<\/ul><\/li><li><ul>&#13;\n \t<li><a href=\"https:\/\/www.ageaction.ie\/\" rel=\"noopener\">Aoisghn\u00edomha\u00edocht \u00c9ireann<\/a><\/li>&#13;\n<\/ul><\/li><li><ul>&#13;\n \t<li><a href=\"https:\/\/ageandopportunity.ie\/\" rel=\"noopener\">Age and Opportunity<\/a><\/li>&#13;\n<\/ul><\/li><li><ul>&#13;\n \t<li><a href=\"https:\/\/alone.ie\/\" rel=\"noopener\">Alone<\/a><\/li>&#13;\n<\/ul><\/li><li><ul>&#13;\n \t<li><a href=\"https:\/\/alzheimer.ie\/\" rel=\"noopener\">Alzheimer Society of Ireland<\/a><\/li>&#13;\n<\/ul><\/li><li><ul>&#13;\n \t<li><a href=\"https:\/\/www.sageadvocacy.ie\/\" rel=\"noopener\">Sage Advocacy<\/a><\/li>&#13;\n<\/ul><\/li><li><ul>&#13;\n \t<li><a href=\"https:\/\/www.thirdageireland.ie\/news\/blog\/third-age-services-support-older-people-at-home-this-winter\" rel=\"noopener\">Third Age<\/a><\/li>&#13;\n<\/ul><\/li><\/ul>\n","protected":false},"featured_media":0,"parent":1710,"menu_order":39,"template":"","meta":{"_acf_changed":false,"inline_featured_image":false,"_monsterinsights_skip_tracking":false,"_monsterinsights_sitenote_active":false,"_monsterinsights_sitenote_note":"","_monsterinsights_sitenote_category":0,"_EventAllDay":false,"_EventTimezone":"","_EventStartDate":"","_EventEndDate":"","_EventStartDateUTC":"","_EventEndDateUTC":"","_EventShowMap":false,"_EventShowMapLink":false,"_EventURL":"","_EventCost":"","_EventCostDescription":"","_EventCurrencySymbol":"","_EventCurrencyCode":"","_EventCurrencyPosition":"","_EventDateTimeSeparator":"","_EventTimeRangeSeparator":"","_EventOrganizerID":[],"_EventVenueID":[],"_OrganizerEmail":"","_OrganizerPhone":"","_OrganizerWebsite":"","_VenueAddress":"","_VenueCity":"","_VenueCountry":"","_VenueProvince":"","_VenueState":"","_VenueZip":"","_VenuePhone":"","_VenueURL":"","_VenueStateProvince":"","_VenueLat":"","_VenueLng":"","_VenueShowMap":false,"_VenueShowMapLink":false,"footnotes":""},"class_list":["post-1706","topics","type-topics","status-publish","hentry"],"acf":[],"_links":{"self":[{"href":"https:\/\/agefriendlyhomes.ie\/ga\/wp-json\/wp\/v2\/topics\/1706","targetHints":{"allow":["GET"]}}],"collection":[{"href":"https:\/\/agefriendlyhomes.ie\/ga\/wp-json\/wp\/v2\/topics"}],"about":[{"href":"https:\/\/agefriendlyhomes.ie\/ga\/wp-json\/wp\/v2\/types\/topics"}],"version-history":[{"count":1,"href":"https:\/\/agefriendlyhomes.ie\/ga\/wp-json\/wp\/v2\/topics\/1706\/revisions"}],"predecessor-version":[{"id":1707,"href":"https:\/\/agefriendlyhomes.ie\/ga\/wp-json\/wp\/v2\/topics\/1706\/revisions\/1707"}],"up":[{"embeddable":true,"href":"https:\/\/agefriendlyhomes.ie\/ga\/wp-json\/wp\/v2\/topics\/1710"}],"wp:attachment":[{"href":"https:\/\/agefriendlyhomes.ie\/ga\/wp-json\/wp\/v2\/media?parent=1706"}],"curies":[{"name":"wp","href":"https:\/\/api.w.org\/{rel}","templated":true}]}}

https://agefriendlyhomes.ie/ga/ábhair/tacaiochtai-curaim-shoisialta-slainte/seirbhisi-sa-phobal/

Seirbhísí sa Phobal

<p>Soláthraíonn FSS raon leathan seirbhísí do dhaoine aosta sa phobal, lena n-áirítear seirbhísí géarmhíochaine d’othair chónaithe, cúram íoschéimneach agus téarnaimh, seirbhísí lae, athshlánú, seirbhísí pobail, cúram baile agus cúntóirí baile.</p>

<p>Má theastaíonn seirbhísí uait féin nó do dhuine aosta a bhfuil aithne agat air, déan teagmháil le do dhochtúir teaghlaigh nó le <a href="https://www.hse.ie/eng/services/list/1/lho/" rel="noopener">d&#8217;Oifig Sláinte Áitiúil.</a></p>

<p>Chun a fháil amach cad iad na seirbhísí atá ar fáil de réir ceantair, téigh chuig <a href="https://www.hse.ie/eng/services/list/4/olderpeople/servicesinyourcommunity/" rel="noopener">an leathanach seo ar láithreán gréasáin FSS</a> a thabharfaidh roghanna maidir le seirbhísí pobail áitiúla.</p>

<p>Tá roinnt eagraíochtaí neamhrialtasacha náisiúnta ann freisin a sholáthraíonn seirbhísí do dhaoine aosta ina bpobail. I measc na n-eagraíochtaí sin tá;</p>

<ul class="wp-block-list"><li><ul>&#13;
 	<li><a href="https://activeirl.ie/" rel="noopener">Active Retirement Ireland</a></li>&#13;
</ul></li><li><ul>&#13;
 	<li><a href="https://www.ageaction.ie/" rel="noopener">Aoisghníomhaíocht Éireann</a></li>&#13;
</ul></li><li><ul>&#13;
 	<li><a href="https://ageandopportunity.ie/" rel="noopener">Age and Opportunity</a></li>&#13;
</ul></li><li><ul>&#13;
 	<li><a href="https://alone.ie/" rel="noopener">Alone</a></li>&#13;
</ul></li><li><ul>&#13;
 	<li><a href="https://alzheimer.ie/" rel="noopener">Alzheimer Society of Ireland</a></li>&#13;
</ul></li><li><ul>&#13;
 	<li><a href="https://www.sageadvocacy.ie/" rel="noopener">Sage Advocacy</a></li>&#13;
</ul></li><li><ul>&#13;
 	<li><a href="https://www.thirdageireland.ie/news/blog/third-age-services-support-older-people-at-home-this-winter" rel="noopener">Third Age</a></li>&#13;
</ul></li></ul>
