{"id":1736,"date":"2021-02-17T11:53:46","date_gmt":"2021-02-17T11:53:46","guid":{"rendered":"https:\/\/agefriendlyhomes.ie\/topics\/straiteisi-aoisbhaula-agus-pleananna-forbartha-contae\/"},"modified":"2021-08-25T01:20:11","modified_gmt":"2021-08-25T00:20:11","slug":"straiteisi-aoisbhaula-agus-pleananna-forbartha-contae","status":"publish","type":"topics","link":"https:\/\/agefriendlyhomes.ie\/ga\/\u00e1bhair\/riocht-phoibli-a-thacaionn-le-daoine-breacaosta\/straiteisi-aoisbhaula-agus-pleananna-forbartha-contae\/","title":{"rendered":"Strait\u00e9is\u00ed Aoisbh\u00e1\u00fala agus Pleananna Forbartha Contae"},"content":{"rendered":"\n<p>Leagann Plean Forbartha Contae creat strait\u00e9iseach amach maidir le plean\u00e1il cheart agus forbairt inbhuanaithe limist\u00e9ar riarach\u00e1in an \u00fadar\u00e1is \u00e1iti\u00fail, thar thr\u00e9imhse s\u00e9 bliana<\/p>\n\n<p><p>Foils\u00edonn gach \u00fadar\u00e1s \u00e1iti\u00fail a phlean forbartha contae ar a l\u00e1ithre\u00e1n gr\u00e9as\u00e1in \u2013 laistigh de seo b\u00edonn faisn\u00e9is sa Strait\u00e9is Tith\u00edochta ar phleananna ar thith\u00edocht do dhaoine aosta. <a href=\"https:\/\/www.dlrcoco.ie\/sites\/default\/files\/atoms\/files\/cdp2016_section2.pdf\" data-mce-href=\"https:\/\/www.dlrcoco.ie\/sites\/default\/files\/atoms\/files\/cdp2016_section2.pdf\" data-mce- rel=\"noopener\">Is f\u00e9idir sampla \u00f3 Chomhairle Contae Dh\u00fan Laoghaire-R\u00e1th an D\u00fain a fh\u00e1il ar a l\u00e1ithre\u00e1n gr\u00e9as\u00e1in.<\/a><\/p><\/p>\n\n<p>Is \u00e9ard at\u00e1 i bplean forbartha r\u00e1iteas i scr\u00edbhinn agus sraith l\u00e9arsc\u00e1ileanna a dh\u00e9anann cur s\u00edos ar an gcaoi a bhfuil s\u00e9 mar aidhm ag d\u2019\u00fadar\u00e1s \u00e1iti\u00fail limist\u00e9ir \u00e1irithe a \u00fas\u00e1id, mar shampla, ceantair ch\u00f3naithe, thionscla\u00edocha n\u00f3 talmha\u00edochta. Leagtar amach ann freisin cusp\u00f3ir\u00ed forbartha don cheantar, mar phleananna chun b\u00f3ithre agus \u00e1iseanna \u00e1iti\u00fala a fheabhs\u00fa. Nuair a bheidh plean forbartha nua \u00e1 ullmh\u00fa, foilseoidh d\u2019\u00fadar\u00e1s \u00e1iti\u00fail a r\u00fan an plean a athbhreithni\u00fa sna me\u00e1in \u00e1iti\u00fala n\u00f3 n\u00e1isi\u00fanta. F\u00e9adfaidh t\u00fa breathnuithe, aighneachta\u00ed agus molta\u00ed a dh\u00e9anamh ag an am seo. <\/p>\n\n<p><p>Dr\u00e9achta\u00edonn gach \u00fadar\u00e1s \u00e1iti\u00fail Strait\u00e9is Aoisbh\u00e1\u00fail freisin, plean c\u00faig bliana at\u00e1 ag iarraidh athr\u00fa dearfach a dh\u00e9anamh do Dhaoine Aosta at\u00e1 ina gc\u00f3na\u00ed sa chontae.\u00a0Is f\u00e9idir iad seo a fh\u00e1il ar l\u00e1ithre\u00e1n gr\u00e9as\u00e1in gach \u00fadar\u00e1is \u00e1iti\u00fail. <a href=\"https:\/\/www.meath.ie\/system\/files\/media\/file-uploads\/2018-02\/Meath-Age-Friendly-Strategy-2017-2020.pdf\" data-mce-href=\"https:\/\/www.meath.ie\/system\/files\/media\/file-uploads\/2018-02\/Meath-Age-Friendly-Strategy-2017-2020.pdf\" data-mce- rel=\"noopener\">Is f\u00e9idir sampla de strait\u00e9is na M\u00ed \u00f3 2017 go 2020 a fh\u00e1il ar l\u00e1ithre\u00e1n gr\u00e9as\u00e1in Chomhairle Contae na M\u00ed. <\/a><\/p><\/p>\n\n<div class=\"wp-block-image\"><figure class=\"aligncenter size-large is-resized\"><a href=\"https:\/\/www.meath.ie\/system\/files\/media\/file-uploads\/2018-02\/Meath-Age-Friendly-Strategy-2017-2020.pdf\" rel=\"noopener\"><img loading=\"lazy\" decoding=\"async\" src=\"https:\/\/agefriendlyhomes.ie\/wp-content\/uploads\/2021\/03\/Meath-Older-People-Housing.jpg\" alt=\"Meath CoCo Age Friendly Strategy 2017 - 2020 Cover Page\" class=\"wp-image-1050\" width=\"343\" height=\"346\" srcset=\"https:\/\/agefriendlyhomes.ie\/wp-content\/uploads\/2021\/03\/Meath-Older-People-Housing.jpg 685w, https:\/\/agefriendlyhomes.ie\/wp-content\/uploads\/2021\/03\/Meath-Older-People-Housing-567x572.jpg 567w, https:\/\/agefriendlyhomes.ie\/wp-content\/uploads\/2021\/03\/Meath-Older-People-Housing-288x291.jpg 288w, https:\/\/agefriendlyhomes.ie\/wp-content\/uploads\/2021\/03\/Meath-Older-People-Housing-288x291@2x.jpg 576w\" sizes=\"auto, (max-width: 343px) 100vw, 343px\" \/><\/a><figcaption>Strait\u00e9is Aoisbh\u00e1\u00fail Chomhairle Contae na M\u00ed 2017 -2020<\/figcaption><\/figure><\/div>\n","protected":false},"featured_media":0,"parent":1968,"menu_order":74,"template":"","meta":{"_acf_changed":false,"inline_featured_image":false,"_monsterinsights_skip_tracking":false,"_monsterinsights_sitenote_active":false,"_monsterinsights_sitenote_note":"","_monsterinsights_sitenote_category":0,"_EventAllDay":false,"_EventTimezone":"","_EventStartDate":"","_EventEndDate":"","_EventStartDateUTC":"","_EventEndDateUTC":"","_EventShowMap":false,"_EventShowMapLink":false,"_EventURL":"","_EventCost":"","_EventCostDescription":"","_EventCurrencySymbol":"","_EventCurrencyCode":"","_EventCurrencyPosition":"","_EventDateTimeSeparator":"","_EventTimeRangeSeparator":"","_EventOrganizerID":[],"_EventVenueID":[],"_OrganizerEmail":"","_OrganizerPhone":"","_OrganizerWebsite":"","_VenueAddress":"","_VenueCity":"","_VenueCountry":"","_VenueProvince":"","_VenueState":"","_VenueZip":"","_VenuePhone":"","_VenueURL":"","_VenueStateProvince":"","_VenueLat":"","_VenueLng":"","_VenueShowMap":false,"_VenueShowMapLink":false,"footnotes":""},"class_list":["post-1736","topics","type-topics","status-publish","hentry"],"acf":[],"_links":{"self":[{"href":"https:\/\/agefriendlyhomes.ie\/ga\/wp-json\/wp\/v2\/topics\/1736","targetHints":{"allow":["GET"]}}],"collection":[{"href":"https:\/\/agefriendlyhomes.ie\/ga\/wp-json\/wp\/v2\/topics"}],"about":[{"href":"https:\/\/agefriendlyhomes.ie\/ga\/wp-json\/wp\/v2\/types\/topics"}],"version-history":[{"count":2,"href":"https:\/\/agefriendlyhomes.ie\/ga\/wp-json\/wp\/v2\/topics\/1736\/revisions"}],"predecessor-version":[{"id":1739,"href":"https:\/\/agefriendlyhomes.ie\/ga\/wp-json\/wp\/v2\/topics\/1736\/revisions\/1739"}],"up":[{"embeddable":true,"href":"https:\/\/agefriendlyhomes.ie\/ga\/wp-json\/wp\/v2\/topics\/1968"}],"wp:attachment":[{"href":"https:\/\/agefriendlyhomes.ie\/ga\/wp-json\/wp\/v2\/media?parent=1736"}],"curies":[{"name":"wp","href":"https:\/\/api.w.org\/{rel}","templated":true}]}}

https://agefriendlyhomes.ie/ga/ábhair/riocht-phoibli-a-thacaionn-le-daoine-breacaosta/straiteisi-aoisbhaula-agus-pleananna-forbartha-contae/

Straitéisí Aoisbháúla agus Pleananna Forbartha Contae

<p>Leagann Plean Forbartha Contae creat straitéiseach amach maidir le pleanáil cheart agus forbairt inbhuanaithe limistéar riaracháin an údaráis áitiúil, thar thréimhse sé bliana</p>

<p><p>Foilsíonn gach údarás áitiúil a phlean forbartha contae ar a láithreán gréasáin – laistigh de seo bíonn faisnéis sa Straitéis Tithíochta ar phleananna ar thithíocht do dhaoine aosta. <a href="https://www.dlrcoco.ie/sites/default/files/atoms/files/cdp2016_section2.pdf" data-mce-href="https://www.dlrcoco.ie/sites/default/files/atoms/files/cdp2016_section2.pdf" data-mce- rel="noopener">Is féidir sampla ó Chomhairle Contae Dhún Laoghaire-Ráth an Dúin a fháil ar a láithreán gréasáin.</a></p></p>

<p>Is éard atá i bplean forbartha ráiteas i scríbhinn agus sraith léarscáileanna a dhéanann cur síos ar an gcaoi a bhfuil sé mar aidhm ag d’údarás áitiúil limistéir áirithe a úsáid, mar shampla, ceantair chónaithe, thionsclaíocha nó talmhaíochta. Leagtar amach ann freisin cuspóirí forbartha don cheantar, mar phleananna chun bóithre agus áiseanna áitiúla a fheabhsú. Nuair a bheidh plean forbartha nua á ullmhú, foilseoidh d’údarás áitiúil a rún an plean a athbhreithniú sna meáin áitiúla nó náisiúnta. Féadfaidh tú breathnuithe, aighneachtaí agus moltaí a dhéanamh ag an am seo. </p>

<p><p>Dréachtaíonn gach údarás áitiúil Straitéis Aoisbháúil freisin, plean cúig bliana atá ag iarraidh athrú dearfach a dhéanamh do Dhaoine Aosta atá ina gcónaí sa chontae. Is féidir iad seo a fháil ar láithreán gréasáin gach údaráis áitiúil. <a href="https://www.meath.ie/system/files/media/file-uploads/2018-02/Meath-Age-Friendly-Strategy-2017-2020.pdf" data-mce-href="https://www.meath.ie/system/files/media/file-uploads/2018-02/Meath-Age-Friendly-Strategy-2017-2020.pdf" data-mce- rel="noopener">Is féidir sampla de straitéis na Mí ó 2017 go 2020 a fháil ar láithreán gréasáin Chomhairle Contae na Mí. </a></p></p>

<div class="wp-block-image"><figure class="aligncenter size-large is-resized"><a href="https://www.meath.ie/system/files/media/file-uploads/2018-02/Meath-Age-Friendly-Strategy-2017-2020.pdf" rel="noopener"><img loading="lazy" decoding="async" src="https://agefriendlyhomes.ie/wp-content/uploads/2021/03/Meath-Older-People-Housing.jpg" alt="Meath CoCo Age Friendly Strategy 2017 - 2020 Cover Page" class="wp-image-1050" width="343" height="346" srcset="https://agefriendlyhomes.ie/wp-content/uploads/2021/03/Meath-Older-People-Housing.jpg 685w, https://agefriendlyhomes.ie/wp-content/uploads/2021/03/Meath-Older-People-Housing-567x572.jpg 567w, https://agefriendlyhomes.ie/wp-content/uploads/2021/03/Meath-Older-People-Housing-288x291.jpg 288w, https://agefriendlyhomes.ie/wp-content/uploads/2021/03/Meath-Older-People-Housing-288x291@2x.jpg 576w" sizes="auto, (max-width: 343px) 100vw, 343px" /></a><figcaption>Straitéis Aoisbháúil Chomhairle Contae na Mí 2017 -2020</figcaption></figure></div>
